{"id":88,"date":"2019-01-05T21:49:24","date_gmt":"2019-01-05T21:49:24","guid":{"rendered":"http:\/\/www.talvililjan.fi\/cattery\/?page_id=88"},"modified":"2020-10-12T06:51:40","modified_gmt":"2020-10-12T06:51:40","slug":"nugetti","status":"publish","type":"page","link":"http:\/\/www.talvililjan.fi\/cattery\/?page_id=88","title":{"rendered":"Nugetti"},"content":{"rendered":"\n<p>GIC FI*Helmikeijun Tiny Pearl, D.O.B 11.3.2018, RAG a 04 (sininen mitted) <\/p>\n\n\n\n<figure class=\"wp-block-image\"><img loading=\"lazy\" decoding=\"async\" width=\"900\" height=\"630\" src=\"http:\/\/www.talvililjan.fi\/cattery\/wp-content\/uploads\/2019\/02\/2O8A3052.jpg\" alt=\"\" class=\"wp-image-188\" srcset=\"http:\/\/www.talvililjan.fi\/cattery\/wp-content\/uploads\/2019\/02\/2O8A3052.jpg 900w, http:\/\/www.talvililjan.fi\/cattery\/wp-content\/uploads\/2019\/02\/2O8A3052-300x210.jpg 300w, http:\/\/www.talvililjan.fi\/cattery\/wp-content\/uploads\/2019\/02\/2O8A3052-768x538.jpg 768w\" sizes=\"auto, (max-width: 706px) 89vw, (max-width: 767px) 82vw, 740px\" \/><\/figure>\n\n\n\n<p>Nugetti on nuori kolli, kova poika juttelemaan ja aina kaikessa mukana. Tuoreimpiin harrastuksiin kuuluu lavuaarissa makoilu ja hanasta juominen (meid\u00e4n muut kissat ei t\u00e4t\u00e4 harrasta). T\u00e4m\u00e4n pojan kanssa kierr\u00e4mme jonkin verran n\u00e4yttelyiss\u00e4.<\/p>\n\n\n\n<p>Tyt\u00f6t alkavat selv\u00e4sti jo kiinnostaa t\u00e4t\u00e4 poikaa. Olen valmis lainaamaan h\u00e4nt\u00e4 my\u00f6s muille kasvattajille muutaman kerran. <\/p>\n\n\n\n<figure class=\"wp-block-image\"><img loading=\"lazy\" decoding=\"async\" width=\"900\" height=\"660\" src=\"http:\/\/www.talvililjan.fi\/cattery\/wp-content\/uploads\/2019\/02\/2O8A3048.jpg\" alt=\"\" class=\"wp-image-186\" srcset=\"http:\/\/www.talvililjan.fi\/cattery\/wp-content\/uploads\/2019\/02\/2O8A3048.jpg 900w, http:\/\/www.talvililjan.fi\/cattery\/wp-content\/uploads\/2019\/02\/2O8A3048-300x220.jpg 300w, http:\/\/www.talvililjan.fi\/cattery\/wp-content\/uploads\/2019\/02\/2O8A3048-768x563.jpg 768w\" sizes=\"auto, (max-width: 706px) 89vw, (max-width: 767px) 82vw, 740px\" \/><\/figure>\n\n\n\n<figure class=\"wp-block-image\"><img loading=\"lazy\" decoding=\"async\" width=\"900\" height=\"660\" src=\"http:\/\/www.talvililjan.fi\/cattery\/wp-content\/uploads\/2019\/02\/2O8A3051.jpg\" alt=\"\" class=\"wp-image-187\" srcset=\"http:\/\/www.talvililjan.fi\/cattery\/wp-content\/uploads\/2019\/02\/2O8A3051.jpg 900w, http:\/\/www.talvililjan.fi\/cattery\/wp-content\/uploads\/2019\/02\/2O8A3051-300x220.jpg 300w, http:\/\/www.talvililjan.fi\/cattery\/wp-content\/uploads\/2019\/02\/2O8A3051-768x563.jpg 768w\" sizes=\"auto, (max-width: 706px) 89vw, (max-width: 767px) 82vw, 740px\" \/><\/figure>\n\n\n\n<figure class=\"wp-block-image\"><img loading=\"lazy\" decoding=\"async\" width=\"800\" height=\"620\" src=\"http:\/\/www.talvililjan.fi\/cattery\/wp-content\/uploads\/2018\/09\/tiedosto_netti-2.jpg\" alt=\"\" class=\"wp-image-45\" srcset=\"http:\/\/www.talvililjan.fi\/cattery\/wp-content\/uploads\/2018\/09\/tiedosto_netti-2.jpg 800w, http:\/\/www.talvililjan.fi\/cattery\/wp-content\/uploads\/2018\/09\/tiedosto_netti-2-300x233.jpg 300w, http:\/\/www.talvililjan.fi\/cattery\/wp-content\/uploads\/2018\/09\/tiedosto_netti-2-768x595.jpg 768w\" sizes=\"auto, (max-width: 706px) 89vw, (max-width: 767px) 82vw, 740px\" \/><figcaption>Nugetti kuvassa 7kk. Kuva Studio Ullakko<\/figcaption><\/figure>\n\n\n\n<figure class=\"wp-block-image\"><img loading=\"lazy\" decoding=\"async\" width=\"800\" height=\"620\" src=\"http:\/\/www.talvililjan.fi\/cattery\/wp-content\/uploads\/2018\/09\/tiedosto_netti-3.jpg\" alt=\"\" class=\"wp-image-46\" srcset=\"http:\/\/www.talvililjan.fi\/cattery\/wp-content\/uploads\/2018\/09\/tiedosto_netti-3.jpg 800w, http:\/\/www.talvililjan.fi\/cattery\/wp-content\/uploads\/2018\/09\/tiedosto_netti-3-300x233.jpg 300w, http:\/\/www.talvililjan.fi\/cattery\/wp-content\/uploads\/2018\/09\/tiedosto_netti-3-768x595.jpg 768w\" sizes=\"auto, (max-width: 706px) 89vw, (max-width: 767px) 82vw, 740px\" \/><figcaption>Nugetti kuvassa 7kk. Kuva Studio Ullakko <\/figcaption><\/figure>\n","protected":false},"excerpt":{"rendered":"<p>GIC FI*Helmikeijun Tiny Pearl, D.O.B 11.3.2018, RAG a 04 (sininen mitted) Nugetti on nuori kolli, kova poika juttelemaan ja aina kaikessa mukana. Tuoreimpiin harrastuksiin kuuluu lavuaarissa makoilu ja hanasta juominen (meid\u00e4n muut kissat ei t\u00e4t\u00e4 harrasta). T\u00e4m\u00e4n pojan kanssa kierr\u00e4mme jonkin verran n\u00e4yttelyiss\u00e4. Tyt\u00f6t alkavat selv\u00e4sti jo kiinnostaa t\u00e4t\u00e4 poikaa. Olen valmis lainaamaan h\u00e4nt\u00e4 my\u00f6s &hellip; <\/p>\n<p class=\"link-more\"><a href=\"http:\/\/www.talvililjan.fi\/cattery\/?page_id=88\" class=\"more-link\">Jatka lukemista<span class=\"screen-reader-text\"> &#8221;Nugetti&#8221;<\/span><\/a><\/p>\n","protected":false},"author":1,"featured_media":0,"parent":0,"menu_order":0,"comment_status":"closed","ping_status":"closed","template":"","meta":{"footnotes":""},"class_list":["post-88","page","type-page","status-publish","hentry"],"_links":{"self":[{"href":"http:\/\/www.talvililjan.fi\/cattery\/index.php?rest_route=\/wp\/v2\/pages\/88","targetHints":{"allow":["GET"]}}],"collection":[{"href":"http:\/\/www.talvililjan.fi\/cattery\/index.php?rest_route=\/wp\/v2\/pages"}],"about":[{"href":"http:\/\/www.talvililjan.fi\/cattery\/index.php?rest_route=\/wp\/v2\/types\/page"}],"author":[{"embeddable":true,"href":"http:\/\/www.talvililjan.fi\/cattery\/index.php?rest_route=\/wp\/v2\/users\/1"}],"replies":[{"embeddable":true,"href":"http:\/\/www.talvililjan.fi\/cattery\/index.php?rest_route=%2Fwp%2Fv2%2Fcomments&post=88"}],"version-history":[{"count":10,"href":"http:\/\/www.talvililjan.fi\/cattery\/index.php?rest_route=\/wp\/v2\/pages\/88\/revisions"}],"predecessor-version":[{"id":405,"href":"http:\/\/www.talvililjan.fi\/cattery\/index.php?rest_route=\/wp\/v2\/pages\/88\/revisions\/405"}],"wp:attachment":[{"href":"http:\/\/www.talvililjan.fi\/cattery\/index.php?rest_route=%2Fwp%2Fv2%2Fmedia&parent=88"}],"curies":[{"name":"wp","href":"https:\/\/api.w.org\/{rel}","templated":true}]}}