{"id":110,"date":"2019-01-06T13:10:02","date_gmt":"2019-01-06T13:10:02","guid":{"rendered":"http:\/\/www.talvililjan.fi\/cattery\/?page_id=110"},"modified":"2021-10-06T21:36:28","modified_gmt":"2021-10-06T21:36:28","slug":"pennut","status":"publish","type":"page","link":"http:\/\/www.talvililjan.fi\/cattery\/?page_id=110","title":{"rendered":"Pennut"},"content":{"rendered":"\n<p>P\u00e4ivit\u00e4n pentukuulumisia ahkerimmin Kissalan Facebook-sivustolle. <\/p>\n\n\n\n<p>Lemmikki ja n\u00e4yttelytasoiset pennut myyd\u00e4\u00e4n varhaiskastroituina.<\/p>\n","protected":false},"excerpt":{"rendered":"<p>P\u00e4ivit\u00e4n pentukuulumisia ahkerimmin Kissalan Facebook-sivustolle. Lemmikki ja n\u00e4yttelytasoiset pennut myyd\u00e4\u00e4n varhaiskastroituina.<\/p>\n","protected":false},"author":1,"featured_media":0,"parent":0,"menu_order":0,"comment_status":"closed","ping_status":"closed","template":"","meta":{"footnotes":""},"class_list":["post-110","page","type-page","status-publish","hentry"],"_links":{"self":[{"href":"http:\/\/www.talvililjan.fi\/cattery\/index.php?rest_route=\/wp\/v2\/pages\/110","targetHints":{"allow":["GET"]}}],"collection":[{"href":"http:\/\/www.talvililjan.fi\/cattery\/index.php?rest_route=\/wp\/v2\/pages"}],"about":[{"href":"http:\/\/www.talvililjan.fi\/cattery\/index.php?rest_route=\/wp\/v2\/types\/page"}],"author":[{"embeddable":true,"href":"http:\/\/www.talvililjan.fi\/cattery\/index.php?rest_route=\/wp\/v2\/users\/1"}],"replies":[{"embeddable":true,"href":"http:\/\/www.talvililjan.fi\/cattery\/index.php?rest_route=%2Fwp%2Fv2%2Fcomments&post=110"}],"version-history":[{"count":7,"href":"http:\/\/www.talvililjan.fi\/cattery\/index.php?rest_route=\/wp\/v2\/pages\/110\/revisions"}],"predecessor-version":[{"id":422,"href":"http:\/\/www.talvililjan.fi\/cattery\/index.php?rest_route=\/wp\/v2\/pages\/110\/revisions\/422"}],"wp:attachment":[{"href":"http:\/\/www.talvililjan.fi\/cattery\/index.php?rest_route=%2Fwp%2Fv2%2Fmedia&parent=110"}],"curies":[{"name":"wp","href":"https:\/\/api.w.org\/{rel}","templated":true}]}}